{"id":797,"date":"2022-10-07T16:10:12","date_gmt":"2022-10-07T19:10:12","guid":{"rendered":"https:\/\/www.allempar.com\/site\/produto\/parafuso-sextavado-interno-cabeca-cilindrica\/"},"modified":"2022-10-07T16:10:12","modified_gmt":"2022-10-07T19:10:12","slug":"parafuso-sextavado-interno-cabeca-cilindrica","status":"publish","type":"product","link":"https:\/\/www.allempar.com\/site\/produto\/parafuso-sextavado-interno-cabeca-cilindrica\/","title":{"rendered":"Parafuso Sextavado Interno Cabe\u00e7a Cil\u00edndrica"},"content":{"rendered":"<p>A\u00e7o Inox<br \/>\nA\u00e7o Liga 12.9<br \/>\nA\u00e7o Liga Classe 8.8<\/p>\n","protected":false},"excerpt":{"rendered":"<p>Parafuso Sextavado Interno (Allen)<\/p>\n","protected":false},"featured_media":484,"comment_status":"open","ping_status":"closed","template":"","meta":[],"product_brand":[],"product_cat":[40],"product_tag":[],"class_list":{"0":"post-797","1":"product","2":"type-product","3":"status-publish","4":"has-post-thumbnail","6":"product_cat-fixadores","8":"first","9":"instock","10":"taxable","11":"shipping-taxable","12":"product-type-simple"},"acf":[],"_links":{"self":[{"href":"https:\/\/www.allempar.com\/site\/wp-json\/wp\/v2\/product\/797","targetHints":{"allow":["GET"]}}],"collection":[{"href":"https:\/\/www.allempar.com\/site\/wp-json\/wp\/v2\/product"}],"about":[{"href":"https:\/\/www.allempar.com\/site\/wp-json\/wp\/v2\/types\/product"}],"replies":[{"embeddable":true,"href":"https:\/\/www.allempar.com\/site\/wp-json\/wp\/v2\/comments?post=797"}],"wp:featuredmedia":[{"embeddable":true,"href":"https:\/\/www.allempar.com\/site\/wp-json\/wp\/v2\/media\/484"}],"wp:attachment":[{"href":"https:\/\/www.allempar.com\/site\/wp-json\/wp\/v2\/media?parent=797"}],"wp:term":[{"taxonomy":"product_brand","embeddable":true,"href":"https:\/\/www.allempar.com\/site\/wp-json\/wp\/v2\/product_brand?post=797"},{"taxonomy":"product_cat","embeddable":true,"href":"https:\/\/www.allempar.com\/site\/wp-json\/wp\/v2\/product_cat?post=797"},{"taxonomy":"product_tag","embeddable":true,"href":"https:\/\/www.allempar.com\/site\/wp-json\/wp\/v2\/product_tag?post=797"}],"curies":[{"name":"wp","href":"https:\/\/api.w.org\/{rel}","templated":true}]}}