{"id":1305,"date":"2022-10-12T22:01:43","date_gmt":"2022-10-13T01:01:43","guid":{"rendered":"https:\/\/www.allempar.com\/site\/?page_id=1305"},"modified":"2022-11-29T12:51:31","modified_gmt":"2022-11-29T15:51:31","slug":"politica-de-cookies","status":"publish","type":"page","link":"https:\/\/www.allempar.com\/site\/politica-de-cookies\/","title":{"rendered":"Pol\u00edtica de cookies"},"content":{"rendered":"\t\t<div data-elementor-type=\"wp-page\" data-elementor-id=\"1305\" class=\"elementor elementor-1305\" data-elementor-post-type=\"page\">\n\t\t\t\t\t\t<section class=\"elementor-section elementor-top-section elementor-element elementor-element-66caf6ae elementor-section-boxed elementor-section-height-default elementor-section-height-default elementor-invisible\" data-id=\"66caf6ae\" data-element_type=\"section\" data-e-type=\"section\" data-settings=\"{&quot;background_background&quot;:&quot;classic&quot;,&quot;animation&quot;:&quot;fadeIn&quot;}\">\n\t\t\t\t\t\t\t<div class=\"elementor-background-overlay\"><\/div>\n\t\t\t\t\t\t\t<div class=\"elementor-container elementor-column-gap-default\">\n\t\t\t\t\t<div class=\"elementor-column elementor-col-100 elementor-top-column elementor-element elementor-element-698e96d7\" data-id=\"698e96d7\" data-element_type=\"column\" data-e-type=\"column\">\n\t\t\t<div class=\"elementor-widget-wrap elementor-element-populated\">\n\t\t\t\t\t\t<div class=\"elementor-element elementor-element-4113359b dc-has-condition dc-condition-empty elementor-invisible elementor-widget elementor-widget-heading\" data-id=\"4113359b\" data-element_type=\"widget\" data-e-type=\"widget\" data-settings=\"{&quot;_animation&quot;:&quot;fadeInDown&quot;}\" data-widget_type=\"heading.default\">\n\t\t\t\t<div class=\"elementor-widget-container\">\n\t\t\t\t\t<h2 class=\"elementor-heading-title elementor-size-default\">Nossa pol\u00edtica de Cookies<\/h2>\t\t\t\t<\/div>\n\t\t\t\t<\/div>\n\t\t\t\t\t<\/div>\n\t\t<\/div>\n\t\t\t\t\t<\/div>\n\t\t<\/section>\n\t\t\t\t<section class=\"elementor-section elementor-top-section elementor-element elementor-element-4b0aa77 elementor-section-boxed elementor-section-height-default elementor-section-height-default\" data-id=\"4b0aa77\" data-element_type=\"section\" data-e-type=\"section\">\n\t\t\t\t\t\t<div class=\"elementor-container elementor-column-gap-default\">\n\t\t\t\t\t<div class=\"elementor-column elementor-col-100 elementor-top-column elementor-element elementor-element-3b56fd6\" data-id=\"3b56fd6\" data-element_type=\"column\" data-e-type=\"column\">\n\t\t\t<div class=\"elementor-widget-wrap elementor-element-populated\">\n\t\t\t\t\t\t<div class=\"elementor-element elementor-element-c8ebdf1 elementor-invisible elementor-widget elementor-widget-heading\" data-id=\"c8ebdf1\" data-element_type=\"widget\" data-e-type=\"widget\" data-settings=\"{&quot;_animation&quot;:&quot;fadeInUp&quot;}\" data-widget_type=\"heading.default\">\n\t\t\t\t<div class=\"elementor-widget-container\">\n\t\t\t\t\t<h2 class=\"elementor-heading-title elementor-size-default\">Introdu\u00e7\u00e3o<\/h2>\t\t\t\t<\/div>\n\t\t\t\t<\/div>\n\t\t\t\t<div class=\"elementor-element elementor-element-3e2a4d9 elementor-invisible elementor-widget elementor-widget-text-editor\" data-id=\"3e2a4d9\" data-element_type=\"widget\" data-e-type=\"widget\" data-settings=\"{&quot;_animation&quot;:&quot;fadeInUp&quot;}\" data-widget_type=\"text-editor.default\">\n\t\t\t\t<div class=\"elementor-widget-container\">\n\t\t\t\t\t\t\t\t\t<p>A presente\u00a0<strong>Pol\u00edtica de Cookies<\/strong>\u00a0aplica-se a plataforma\u00a0<strong>https:\/\/www.allempar.com<\/strong>\u00a0da\u00a0<strong>Allempar Parafusos e Ferragens<\/strong>, pessoa jur\u00eddica de direito privado, dona raz\u00e3o social, inscrita no CNPJ\/MF e localizada \u00e0:<\/p>\n\t\t\t\t\t\t\t\t<\/div>\n\t\t\t\t<\/div>\n\t\t\t\t<div class=\"elementor-element elementor-element-257c0a0 elementor-invisible elementor-widget elementor-widget-heading\" data-id=\"257c0a0\" data-element_type=\"widget\" data-e-type=\"widget\" data-settings=\"{&quot;_animation&quot;:&quot;fadeInUp&quot;}\" data-widget_type=\"heading.default\">\n\t\t\t\t<div class=\"elementor-widget-container\">\n\t\t\t\t\t<p class=\"elementor-heading-title elementor-size-default\">ALLEMPAR PARAFUSOS E FERRAGENS LTDA.<\/p>\t\t\t\t<\/div>\n\t\t\t\t<\/div>\n\t\t\t\t<div class=\"elementor-element elementor-element-5f257a8 elementor-invisible elementor-widget elementor-widget-heading\" data-id=\"5f257a8\" data-element_type=\"widget\" data-e-type=\"widget\" data-settings=\"{&quot;_animation&quot;:&quot;fadeInUp&quot;}\" data-widget_type=\"heading.default\">\n\t\t\t\t<div class=\"elementor-widget-container\">\n\t\t\t\t\t<p class=\"elementor-heading-title elementor-size-default\">50.235.142\/0001-06<\/p>\t\t\t\t<\/div>\n\t\t\t\t<\/div>\n\t\t\t\t<div class=\"elementor-element elementor-element-5cccbd1 elementor-invisible elementor-widget elementor-widget-heading\" data-id=\"5cccbd1\" data-element_type=\"widget\" data-e-type=\"widget\" data-settings=\"{&quot;_animation&quot;:&quot;fadeInUp&quot;}\" data-widget_type=\"heading.default\">\n\t\t\t\t<div class=\"elementor-widget-container\">\n\t\t\t\t\t<p class=\"elementor-heading-title elementor-size-default\">R. Prof. Assis Veloso, 382<br \/>\r\nJardim S\u00e3o Vicente<br \/>\r\nS\u00e3o Paulo, SP<br \/>\r\n08021-470<\/p>\t\t\t\t<\/div>\n\t\t\t\t<\/div>\n\t\t\t\t<div class=\"elementor-element elementor-element-d87bf32 elementor-invisible elementor-widget elementor-widget-text-editor\" data-id=\"d87bf32\" data-element_type=\"widget\" data-e-type=\"widget\" data-settings=\"{&quot;_animation&quot;:&quot;fadeInUp&quot;}\" data-widget_type=\"text-editor.default\">\n\t\t\t\t<div class=\"elementor-widget-container\">\n\t\t\t\t\t\t\t\t\t<p>\u2026e visa proporcionar uma experi\u00eancia ainda mais transparente em nossa plataforma, explicando o conceito de Cookies, como os utilizamos para melhorar sua navega\u00e7\u00e3o e, ainda, as possibilidades de customiza\u00e7\u00e3o do uso.<\/p>\n<p>Caso n\u00e3o concorde com o uso de Cookies da forma apresentada, voc\u00ea poder\u00e1: (i) ajustar as configura\u00e7\u00f5es de seu navegador de internet para n\u00e3o permitir o uso de Cookies ou (ii) n\u00e3o acessar a plataforma.<\/p>\n<p>Lembramos que desabilitar o uso de Cookies poder\u00e1 impactar sua experi\u00eancia ao navegar na plataforma.<\/p>\n<p>Recomendamos tamb\u00e9m a leitura da nossa\u00a0<a href=\"https:\/\/www.allempar.com\/site\/politica-de-privacidade\/\"><strong>Pol\u00edtica de Privacidade<\/strong><\/a>, na qual trazemos a voc\u00ea mais informa\u00e7\u00f5es sobre nosso compromisso com a sua privacidade e a prote\u00e7\u00e3o dos seus dados pessoais.<\/p>\n\t\t\t\t\t\t\t\t<\/div>\n\t\t\t\t<\/div>\n\t\t\t\t<div class=\"elementor-element elementor-element-319d09d elementor-invisible elementor-widget elementor-widget-heading\" data-id=\"319d09d\" data-element_type=\"widget\" data-e-type=\"widget\" data-settings=\"{&quot;_animation&quot;:&quot;fadeInUp&quot;}\" data-widget_type=\"heading.default\">\n\t\t\t\t<div class=\"elementor-widget-container\">\n\t\t\t\t\t<h2 class=\"elementor-heading-title elementor-size-default\">Pol\u00edtica de Cookies<\/h2>\t\t\t\t<\/div>\n\t\t\t\t<\/div>\n\t\t\t\t<div class=\"elementor-element elementor-element-9c15c0f elementor-invisible elementor-widget elementor-widget-heading\" data-id=\"9c15c0f\" data-element_type=\"widget\" data-e-type=\"widget\" data-settings=\"{&quot;_animation&quot;:&quot;fadeInUp&quot;}\" data-widget_type=\"heading.default\">\n\t\t\t\t<div class=\"elementor-widget-container\">\n\t\t\t\t\t<h3 class=\"elementor-heading-title elementor-size-default\">O que s\u00e3o Cookies?<\/h3>\t\t\t\t<\/div>\n\t\t\t\t<\/div>\n\t\t\t\t<div class=\"elementor-element elementor-element-ca00515 elementor-invisible elementor-widget elementor-widget-text-editor\" data-id=\"ca00515\" data-element_type=\"widget\" data-e-type=\"widget\" data-settings=\"{&quot;_animation&quot;:&quot;fadeInUp&quot;}\" data-widget_type=\"text-editor.default\">\n\t\t\t\t<div class=\"elementor-widget-container\">\n\t\t\t\t\t\t\t\t\t<p>Cookies s\u00e3o pequenos arquivos digitais em formato de texto que s\u00e3o armazenados no seu dispositivo (computador, smartphone, tablet, etc.) pelo navegador de internet e que guardam informa\u00e7\u00f5es relacionadas \u00e0s suas prefer\u00eancias, como idioma preferido, localiza\u00e7\u00e3o, recorr\u00eancia das suas sess\u00f5es, e outras vari\u00e1veis que os desenvolvedores consideram relevantes para tornar a sua experi\u00eancia muito mais eficiente.<\/p>\n\t\t\t\t\t\t\t\t<\/div>\n\t\t\t\t<\/div>\n\t\t\t\t<div class=\"elementor-element elementor-element-33b40f9 elementor-invisible elementor-widget elementor-widget-heading\" data-id=\"33b40f9\" data-element_type=\"widget\" data-e-type=\"widget\" data-settings=\"{&quot;_animation&quot;:&quot;fadeInUp&quot;}\" data-widget_type=\"heading.default\">\n\t\t\t\t<div class=\"elementor-widget-container\">\n\t\t\t\t\t<h3 class=\"elementor-heading-title elementor-size-default\">Para que servem os Cookies?<\/h3>\t\t\t\t<\/div>\n\t\t\t\t<\/div>\n\t\t\t\t<div class=\"elementor-element elementor-element-7e91485 elementor-invisible elementor-widget elementor-widget-text-editor\" data-id=\"7e91485\" data-element_type=\"widget\" data-e-type=\"widget\" data-settings=\"{&quot;_animation&quot;:&quot;fadeInUp&quot;}\" data-widget_type=\"text-editor.default\">\n\t\t\t\t<div class=\"elementor-widget-container\">\n\t\t\t\t\t\t\t\t\t<p>Os Cookies servem para aprimorar a sua experi\u00eancia, tanto em termos de performance, como em termos de usabilidade, uma vez que os conte\u00fados disponibilizados ser\u00e3o direcionados \u00e0s suas necessidades e expectativas.<\/p>\n<p>Tamb\u00e9m poder\u00e3o ser utilizados para compilar estat\u00edsticas an\u00f4nimas e agregadas que permitem entender como voc\u00ea utiliza a plataforma, bem como para aprimorar suas estruturas e conte\u00fado. Por serem estat\u00edsticas an\u00f4nimas, n\u00e3o \u00e9 poss\u00edvel identific\u00e1-lo pessoalmente por meio desses dados.<\/p>\n<p>A utiliza\u00e7\u00e3o de Cookies \u00e9 algo muito comum em qualquer plataforma digital atualmente. O seu uso n\u00e3o prejudica de forma alguma os dispositivos em que s\u00e3o armazenados.<\/p>\n\t\t\t\t\t\t\t\t<\/div>\n\t\t\t\t<\/div>\n\t\t\t\t<div class=\"elementor-element elementor-element-ae24129 elementor-invisible elementor-widget elementor-widget-heading\" data-id=\"ae24129\" data-element_type=\"widget\" data-e-type=\"widget\" data-settings=\"{&quot;_animation&quot;:&quot;fadeInUp&quot;}\" data-widget_type=\"heading.default\">\n\t\t\t\t<div class=\"elementor-widget-container\">\n\t\t\t\t\t<h3 class=\"elementor-heading-title elementor-size-default\">Que tipo de Cookies utilizamos?<\/h3>\t\t\t\t<\/div>\n\t\t\t\t<\/div>\n\t\t\t\t<div class=\"elementor-element elementor-element-752f005 elementor-invisible elementor-widget elementor-widget-text-editor\" data-id=\"752f005\" data-element_type=\"widget\" data-e-type=\"widget\" data-settings=\"{&quot;_animation&quot;:&quot;fadeInUp&quot;}\" data-widget_type=\"text-editor.default\">\n\t\t\t\t<div class=\"elementor-widget-container\">\n\t\t\t\t\t\t\t\t\t<p>N\u00f3s utilizamos Cookies pr\u00f3prios e de terceiros na plataforma, os quais podem ser classificados quanto \u00e0 sua temporalidade:<\/p>\n<ul>\n<li>Cookies de Sess\u00e3o \u2013 s\u00e3o os Cookies tempor\u00e1rios que permanecem arquivados at\u00e9 que voc\u00ea saia da plataforma ou encerre o navegador.<\/li>\n<li>Cookies Persistentes \u2013 s\u00e3o os Cookies que ficam armazenados no seu dispositivo at\u00e9 que sejam exclu\u00eddos (o tempo que o Cookie permanecer\u00e1 no dispositivo depende do seu \u201ctempo de vida\u201d e das configura\u00e7\u00f5es do seu navegador de internet).<\/li>\n<li>Os Cookies \u2013 de Sess\u00e3o ou Persistentes \u2013 ainda podem ser categorizados de acordo com a sua fun\u00e7\u00e3o:<\/li>\n<li>Cookies Estritamente Necess\u00e1rios \u2013 permitem a navega\u00e7\u00e3o e utiliza\u00e7\u00e3o das aplica\u00e7\u00f5es, bem como o acesso a \u00e1reas seguras da plataforma. Sem estes Cookies, a plataforma n\u00e3o funciona corretamente.<\/li>\n<li>Cookies Anal\u00edticos \u2013 coletam dados estat\u00edsticos an\u00f4nimos com a finalidade de analisar a utiliza\u00e7\u00e3o da plataforma e seu respectivo desempenho.<\/li>\n<li>Cookies de Funcionalidade \u2013 s\u00e3o utilizados para assegurar a disponibiliza\u00e7\u00e3o de funcionalidades adicionais da plataforma ou para guardar as prefer\u00eancias definidas pelo usu\u00e1rio ao navegar na internet, sempre que utilizar o mesmo dispositivo.<\/li>\n<li>Cookies de Publicidade \u2013 coletam as informa\u00e7\u00f5es de sua visita em nossa plataforma para que as propagandas nele dispostas sejam mais relevantes para voc\u00ea e de acordo com os seus interesses. Geralmente est\u00e3o atrelados a Cookies de propriedade de terceiros. Caso voc\u00ea desabilite estes cookies, note que voc\u00ea ainda visualizar\u00e1 as publicidades, mas elas ser\u00e3o personalizadas \u00e0s suas prefer\u00eancias.<\/li>\n<\/ul>\n\t\t\t\t\t\t\t\t<\/div>\n\t\t\t\t<\/div>\n\t\t\t\t<div class=\"elementor-element elementor-element-4e49495 elementor-invisible elementor-widget elementor-widget-heading\" data-id=\"4e49495\" data-element_type=\"widget\" data-e-type=\"widget\" data-settings=\"{&quot;_animation&quot;:&quot;fadeInUp&quot;}\" data-widget_type=\"heading.default\">\n\t\t\t\t<div class=\"elementor-widget-container\">\n\t\t\t\t\t<h3 class=\"elementor-heading-title elementor-size-default\">Como habilitar os Cookies?<\/h3>\t\t\t\t<\/div>\n\t\t\t\t<\/div>\n\t\t\t\t<div class=\"elementor-element elementor-element-ebf1e4a elementor-invisible elementor-widget elementor-widget-text-editor\" data-id=\"ebf1e4a\" data-element_type=\"widget\" data-e-type=\"widget\" data-settings=\"{&quot;_animation&quot;:&quot;fadeInUp&quot;}\" data-widget_type=\"text-editor.default\">\n\t\t\t\t<div class=\"elementor-widget-container\">\n\t\t\t\t\t\t\t\t\t<p>Para que nossa plataforma opere corretamente, voc\u00ea dever\u00e1 habilitar o uso dos Cookies. Caso decida n\u00e3o os habilitar, voc\u00ea ainda poder\u00e1 navegar na plataforma, mas algumas funcionalidades n\u00e3o estar\u00e3o dispon\u00edveis.<\/p>\n<p>Lembrando que a maioria dos navegadores de internet \u00e9 configurada para aceitar automaticamente os Cookies.<\/p>\n<p>Voc\u00ea pode alterar as configura\u00e7\u00f5es para bloquear o uso de Cookies ou alert\u00e1-lo quando um Cookie estiver sendo enviado para o seu dispositivo. Existem v\u00e1rias formas de gerenciar Cookies, consulte as instru\u00e7\u00f5es de seu navegador ou a se\u00e7\u00e3o de ajuda para saber mais sobre como ajustar ou alterar essas configura\u00e7\u00f5es.<\/p>\n<p>Caso voc\u00ea utilize dispositivos diferentes para acessar a plataforma, dever\u00e1 assegurar-se de que cada navegador, de cada dispositivo, esteja ajustado para atender \u00e0s suas prefer\u00eancias em rela\u00e7\u00e3o aos Cookies.<\/p>\n<p>Para que voc\u00ea possa, de forma simples e intuitiva, gerir suas prefer\u00eancias a partir do seu navegador, poder\u00e1 utilizar um dos links abaixo:<\/p>\n<ul>\n<li>Para mais informa\u00e7\u00f5es sobre gest\u00e3o de Cookies no\u00a0<strong>Firefox<\/strong>,\u00a0<a href=\"https:\/\/support.mozilla.org\/en-US\/kb\/enhanced-tracking-protection-firefox-desktop?redirectlocale=en-US&amp;redirectslug=enable-and-disable-cookies-website-preferences\">clique aqui<\/a>;<\/li>\n<li>Para mais informa\u00e7\u00f5es sobre gest\u00e3o de Cookies no\u00a0<strong>Chrome<\/strong>,\u00a0<a href=\"https:\/\/support.google.com\/chrome\/answer\/95647?hl=en\">clique aqui<\/a>;<\/li>\n<li>Para mais informa\u00e7\u00f5es sobre gest\u00e3o de Cookies no\u00a0<strong>Internet Explorer<\/strong>,\u00a0<a href=\"https:\/\/support.microsoft.com\/pt-pt\/windows\/eliminar-e-gerir-cookies-168dab11-0753-043d-7c16-ede5947fc64d\">clique aqui<\/a>;<\/li>\n<li>Para mais informa\u00e7\u00f5es sobre gest\u00e3o de Cookies no\u00a0<strong>Safari<\/strong>,\u00a0<a href=\"https:\/\/support.apple.com\/pt-br\/guide\/safari\/sfri11471\/mac\">clique aqui<\/a>;<\/li>\n<li>Para mais informa\u00e7\u00f5es sobre gest\u00e3o de Cookies no\u00a0<strong>Opera<\/strong>,\u00a0<a href=\"https:\/\/help.opera.com\/en\/latest\/security-and-privacy\/#privateWindow\">clique aqui<\/a>;<\/li>\n<li>Para mais informa\u00e7\u00f5es sobre gest\u00e3o de Cookies no\u00a0<strong>Microsoft Edge<\/strong>,\u00a0<a href=\"https:\/\/support.microsoft.com\/pt-br\/microsoft-edge\/navega%C3%A7%C3%A3o-inprivate-no-microsoft-edge-e6f47704-340c-7d4f-b00d-d0cf35aa1fcc\">clique aqui<\/a>.<\/li>\n<\/ul>\n\t\t\t\t\t\t\t\t<\/div>\n\t\t\t\t<\/div>\n\t\t\t\t\t<\/div>\n\t\t<\/div>\n\t\t\t\t\t<\/div>\n\t\t<\/section>\n\t\t\t\t<\/div>\n\t\t","protected":false},"excerpt":{"rendered":"<p>Introdu\u00e7\u00e3o Pol\u00edtica de Cookies O que s\u00e3o Cookies? Para que servem os Cookies? Que tipo de Cookies utilizamos? Como habilitar os Cookies?<\/p>\n","protected":false},"author":1,"featured_media":376,"parent":0,"menu_order":11,"comment_status":"closed","ping_status":"closed","template":"","meta":{"footnotes":""},"class_list":["post-1305","page","type-page","status-publish","has-post-thumbnail","hentry"],"acf":[],"_links":{"self":[{"href":"https:\/\/www.allempar.com\/site\/wp-json\/wp\/v2\/pages\/1305","targetHints":{"allow":["GET"]}}],"collection":[{"href":"https:\/\/www.allempar.com\/site\/wp-json\/wp\/v2\/pages"}],"about":[{"href":"https:\/\/www.allempar.com\/site\/wp-json\/wp\/v2\/types\/page"}],"author":[{"embeddable":true,"href":"https:\/\/www.allempar.com\/site\/wp-json\/wp\/v2\/users\/1"}],"replies":[{"embeddable":true,"href":"https:\/\/www.allempar.com\/site\/wp-json\/wp\/v2\/comments?post=1305"}],"version-history":[{"count":29,"href":"https:\/\/www.allempar.com\/site\/wp-json\/wp\/v2\/pages\/1305\/revisions"}],"predecessor-version":[{"id":2099,"href":"https:\/\/www.allempar.com\/site\/wp-json\/wp\/v2\/pages\/1305\/revisions\/2099"}],"wp:featuredmedia":[{"embeddable":true,"href":"https:\/\/www.allempar.com\/site\/wp-json\/wp\/v2\/media\/376"}],"wp:attachment":[{"href":"https:\/\/www.allempar.com\/site\/wp-json\/wp\/v2\/media?parent=1305"}],"curies":[{"name":"wp","href":"https:\/\/api.w.org\/{rel}","templated":true}]}}